divided by k?
4
Suppose -5*h = -245 + 35. Suppose 27*c - 32*c = -1040. What is the remainder when c is divided by h?
40
Calculate the remainder when ((-12)/4 - 4 - -78)/1 is divided by 36.
35
Suppose 5*p = -10 + 30. Let b(q) = q + 9. Let v = -16 - -65. What is the remainder when v is divided by b(p)?
10
Let k = 39 + 5. Suppose -2*m - 16 = -4*h, 4*h + m - k = -4*m. Calculate the remainder when h is divided by 3.
0
Let k = -70 + 98. Suppose 0 = 5*u - 2*x + k, -2*x - x + 12 = 0. Calculate the remainder when 1 is divided by (2/u)/((-4)/8).
0
Let c be (2940/18)/(-14) + (-2)/(-3). Let l(w) = w**2 + w + 5. Let q be l(-4). Let s = q + c. Calculate the remainder when 29 is divided by s.
5
Let k be 5/(30/12 + 3/(-2)). Suppose -j - d = -28, -2*j + d + 66 = k*d. What is the remainder when 114 is divided by j?
22
Suppose 0 = 3*v - 4*d + 2*d - 6, v + 4*d - 16 = 0. Calculate the remainder when 447/6*(-2 - -1*v) is divided by 15.
14
Let c(r) = 4*r**2 + 19. Suppose -6*s + 78 = -108. What is the remainder when s is divided by c(0)?
12
Suppose -2*z = 2*k + 32, -66 = 4*z - 0*k + 5*k. Suppose 5*w - 15 = 0, v - 20 = 4*w + 15. Let d = v + z. Calculate the remainder when 96 is divided by d.
30
Suppose -39 - 156 = -5*l. Let s(h) = 13*h - 12. Let t be s(6). Suppose 3*r = -0*r - 3*v + t, 3*v + 34 = 2*r. Calculate the remainder when l is divided by r.
19
Suppose 2*p = 5*i - 391, -243 = -3*i + 8*p - 11*p. What is the remainder when 1815 is divided by i?
77
Let g = -152 - -174. Calculate the remainder when 169 is divided by g.
15
Suppose 4*t - 8*t = -5*f - 3620, 0 = -t + 4*f + 894. What is the remainder when t is divided by 24?
22
Let b(u) be the second derivative of -u**4 + 0 - 11/6*u**3 + 8*u**2 - 1/20*u**5 - 2*u. What is the remainder when 30 is divided by b(-11)?
14
Suppose -25*u + 714 = 164. Calculate the remainder when u is divided by (-17)/(-4) + 2/(-8).
2
Let o = -124 + 133. Let m = 36 - 3. What is the remainder when m is divided by o?
6
Suppose 4*t + 33 = 3*t - 5*r, 5*t + 4*r = -165. Let x = t + 10. Let c = x + 74. Calculate the remainder when c is divided by 18.
15
Suppose 0 = 4*o + 2*d - 42, -45 = -0*o - 4*o + d. What is the remainder when 360 is divided by o?
8
Suppose 6553 = 9*t + 1423. What is the remainder when t is divided by 13?
11
Suppose -4 = -d - 3*f + 17, f + 13 = 3*d. Suppose 5*i - 254 - d = 0. What is the remainder when i is divided by 18?
16
Suppose c - 8 - 144 = 0. What is the remainder when c is divided by 12?
8
Let d = 51 - 25. Suppose -4 - 4 = -4*t. Suppose 4*s - 17 = -1, -t*b + 98 = -s. Calculate the remainder when b is divided by d.
25
Let s = 1004 + -631. What is the remainder when s is divided by 25?
23
Suppose 34 = -2*c + 6*c - 2*b, 2*c + 4*b - 2 = 0. What is the remainder when 261 is divided by c?
2
Let a(m) = -10*m - 5. Let o(z) = -21*z - 9. Let k(i) = 5*a(i) - 2*o(i). What is the remainder when k(-6) is divided by 15?
11
Calculate the remainder when 87 is divided by 4 + (6/4)/(27/90).
6
Suppose 4 = -b, b = -4*f + f - 10. Let w be ((-30)/(-8))/(f/(-24)). Suppose 0*q - u = 2*q - w, -q - u + 21 = 0. Calculate the remainder when 70 is divided by q.
22
Suppose -3*l + n = -10, 2*l - 4*n = 4*l - 2. Let j(h) = 3*h + 1. Let m be j(l). Let g = m + -3. What is the remainder when 18 is divided by g?
4
Let y(p) = 33*p**3 - p**2 + p - 1. Let w(f) = 3*f**2 - 97*f - 108. What is the remainder when w(34) is divided by y(1)?
30
Suppose -4*p - 37 = -3*y, 2*y - p = -3*p + 48. What is the remainder when 265 is divided by y?
18
Suppose -5*b - 53 = -4*o, 4*o - 9*b - 59 = -6*b. Calculate the remainder when 521 is divided by o.
11
Let m = -5413 + 5424. Let a = -93 - -277. What is the remainder when a is divided by m?
8
What is the remainder when 2*-5*10/(-2) is divided by (-25)/(-350)*(385 - 3) + (-2)/7?
23
Suppose 10 = 2*x + 2. Calculate the remainder when 10 is divided by x.
2
Let m = 50 + -20. Calculate the remainder when 148 is divided by m.
28
Let d = -1768 + 1818. What is the remainder when 248 is divided by d?
48
Let v(y) = y**3 - 6*y - 6. Let d be v(-3). Calculate the remainder when (-66)/d - ((-9)/15 + 1) is divided by 4.
0
Suppose -231 = -15*l + 129. Suppose 0 = 2*g + 5*z - 118, -3*g + l = 5*z - 163. What is the remainder when g is divided by 15?
9
Let s(f) = -f**3 + 6*f**2 + 2*f - 9. Let i be s(6). Suppose -i*o = -3*u - 27, 75 = 5*o + 4*u + u. Calculate the remainder when o is divided by 5.
2
Let z(d) = 2*d - 1. Suppose m = -8 - 1. Let g = m - -14. What is the remainder when z(g) is divided by 5?
4
Let m = -5 - -6. Calculate the remainder when -2 - (2 + -4 - 1) - -2 is divided by m.
0
What is the remainder when 19 is divided by (28 + -7 + 3)/(2 + 0)?
7
Calculate the remainder when 81 is divided by (1*3)/((-153)/(-1581)).
19
Let b = -1376 + 1393. What is the remainder when 577 is divided by b?
16
Let l(a) = 6*a + 3. Let r = -648 + 963. Suppose -5*w + 2*w + r = 0. What is the remainder when w is divided by l(4)?
24
What is the remainder when (41/4 - 2)/(54/144) is divided by 1 + 1 + 4 + 0?
4
Let l(n) = 17*n - 60. What is the remainder when l(6) is divided by 27?
15
Let v be 2/10 + (-816)/30. Let j = v - -65. What is the remainder when 227 is divided by j?
37
Suppose 9*r = 4*r - 100. What is the remainder when (16/(-12) - r/24)*-38 is divided by 10?
9
Let t(h) = 44*h - 227. What is the remainder when t(8) is divided by 23?
10
Suppose -24*s + 19*s + 4*f = -5429, 2*s - 4*f - 2162 = 0. What is the remainder when s is divided by 109?
108
Let u(t) = -32*t - 18. Calculate the remainder when 229 is divided by u(-3).
73
Let b(c) = -c**3 + 9*c**2 - 5*c + 6. Let l(x) = -x - 1. Let a(o) = -b(o) + 2*l(o). Calculate the remainder when 56 is divided by a(9).
18
Suppose -3*p + 2 = -7. Let s be p - -1*(-76)/(-4). Suppose 0 = 3*u - 5*y - 14, -y + s = -4*u + 69. Calculate the remainder when 37 is divided by u.
11
Let b(p) = p**3 + 7*p**2 - 6*p - 11. Calculate the remainder when 74 is divided by b(-6).
13
Suppose 4*u + 80 = 4*w, 8*w - 86 = 4*w + 2*u. Let t = -65 - -109. Calculate the remainder when t is divided by w.
21
Let s(x) = x**2 - 6*x + 2. Let a be s(5). What is the remainder when ((-22)/55)/(1/(-175)) is divided by ((-60)/(-5))/((-2)/a)?
16
Let i(z) = 7. Let r(d) = -d - 6. Let u(t) = 4*i(t) + 5*r(t). Let v be u(-2). Let y = v - -1. What is the remainder when 17 is divided by y?
8
Suppose 0 = -3*b - 4*u + 103, -2*b + 195 = 3*b + 2*u. Calculate the remainder when 243 is divided by b.
38
Suppose -23 = 3*m - 4*m. Suppose t + 0*t = m. What is the remainder when 67 is divided by t?
21
Let w(r) = r**2 + 3*r + 3. Suppose 15*c - 3 = 14*c. Let z be w(c). What is the remainder when z/1 + (5 - 7) is divided by 11?
8
Let k = -280 + 642. What is the remainder when k is divided by 14?
12
Let z(k) = -2*k**2 + 3*k - 1. Let d be z(2). Let s be (35/21 + (-4)/6)*9. Let u = d + s. Calculate the remainder when 15 is divided by u.
3
Let r = -150 - -156. Suppose 42 = 8*a - r. Calculate the remainder when a is divided by 7/2 + 1/2.
2
Let v = -253 - -305. Calculate the remainder when v is divided by 18.
16
Suppose 2*s = 4*s - 52. Let k be 96/52 - (-4)/s. Suppose 0*g - k*g + 130 = 0. Calculate the remainder when g is divided by 17.
14
Let f(g) = g**2 + 6*g - 13. Let s be f(-9). Calculate the remainder when 41 is divided by 11/4*(s - 10).
8
Let n be ((-26)/(-2))/(3 - 2). Suppose 2*p + 38 + 12 = -4*z, -z = p + n. Let s = z - -15. Calculate the remainder when 6 is divided by s.
0
Suppose 16*s = 15*s + 2. Suppose 0 = 4*r - 5*g - 77, s*r - 3*g + 0*g - 41 = 0. Calculate the remainder when 32 is divided by r.
6
Suppose -9*g - 5*x = -6*g - 53, 4*g - 56 = -3*x. Calculate the remainder when 184 is divided by g.
8
Let i be 4 + (-2 - 1) + -1. Suppose -22 = -i*s - 2*s. Let z = -14 + 45. Calculate the remainder when z is divided by s.
9
Suppose -25*t + 55 = -14*t. Calculate the remainder when 173 is divided by t.
3
Let h = 2092 + -2068. Suppose 2*b + 13 = -x + 66, -57 = -x - 3*b. What is the remainder when x is divided by h?
21
Let j(h) = -h**3 + 12*h**2 + 21*h - 8. Calculate the remainder when j(13) is divided by 50.
46
Calculate the remainder when (-3122)/(-35) - 6/30 is divided by 31.
27
Let i(a) = -12*a + 32. Let p be i(-7). Suppose -x = -4*x - 2*d + p, -3*d = -4*x + 149. What is the remainder wh